{"id":8,"date":"2019-07-13T22:09:42","date_gmt":"2019-07-13T22:09:42","guid":{"rendered":"https:\/\/www.erasmusroomsporto.com\/espanol\/?page_id=8"},"modified":"2022-12-06T12:46:36","modified_gmt":"2022-12-06T12:46:36","slug":"habitaciones-erasmus-oporto","status":"publish","type":"page","link":"https:\/\/www.erasmusroomsporto.com\/espanol\/","title":{"rendered":"Habitaciones Erasmus Oporto"},"content":{"rendered":"\n<h2 class=\"wp-block-heading\">Nazdrowia House \u2013 Habitaciones Erasmus Oporto, \u00a1El favorito de los estudiantes!<\/h2>\n\n\n\n<p><strong>\u00a1Para los verdaderos entusiastas de Erasmus!<\/strong><\/p>\n\n\n\n<p><strong>Si est\u00e1s buscando las\nmejores habitaciones para Erasmus en Oporto, est\u00e1s en el camino correcto\nporque\u2026<\/strong><\/p>\n\n\n\n<p><strong>\u00a1HAS DADO EN EL CLAVO!<\/strong><\/p>\n\n\n\n<div style=\"height:100px\" aria-hidden=\"true\" class=\"wp-block-spacer\"><\/div>\n\n\n\n<h2 class=\"wp-block-heading\">\u00a1Somos los N\u00b01 en precios, ubicaci\u00f3n\ny calidad!<\/h2>\n\n\n\n<p>Las habitaciones Erasmus Oporto est\u00e1n localizados en \u00e1reas estrat\u00e9gicas y preferidas por estudiantes de Oporto como t\u00fa, para quedarse durante su vida Erasmus en Oporto.<\/p>\n\n\n\n<div style=\"height:100px\" aria-hidden=\"true\" class=\"wp-block-spacer\"><\/div>\n\n\n\n<h3 class=\"wp-block-heading\"><strong>Sentir\u00e1s c\u00f3mo estas encantadoras habitaciones Erasmus Oporto se convertir\u00e1n r\u00e1pidamente en tu lugar favorito.<\/strong><\/h3>\n\n\n\n<p>Otros estudiantes de Erasmus de otras partes del mundo te dar\u00e1n la bienvenida teniendo la oportunidad de aprender sobre otras culturas en esta casa. <\/p>\n\n\n\n<p>Da el primer paso hoy hacia la vida Erasmus m\u00e1s feliz. \u00a1<a href=\"https:\/\/www.erasmusroomsporto.com\/espanol\/contactar\/\">Reserva tu habitaci\u00f3n<\/a> ahora! <a href=\"https:\/\/www.erasmusroomsporto.com\/espanol\/contactar\/\">Cont\u00e1ctanos<\/a> para encontrar una habitaci\u00f3n disponible para ti.<\/p>\n\n\n\n<div style=\"height:100px\" aria-hidden=\"true\" class=\"wp-block-spacer\"><\/div>\n\n\n\n<h4 class=\"wp-block-heading\"><strong>\u00a1Nuestros estudiantes\nson los mejores de todo el mundo!<\/strong><\/h4>\n\n\n\n<p>\u00a1Podr\u00e1s hacer amistades de toda Europa que durar\u00e1n para toda la vida, y lleva contigo un mont\u00f3n de recuerdos juntos en tu regreso!<\/p>\n\n\n\n<figure class=\"wp-block-image\"><img data-recalc-dims=\"1\" loading=\"lazy\" decoding=\"async\" width=\"424\" height=\"283\" src=\"https:\/\/i0.wp.com\/www.erasmusroomsporto.com\/espanol\/wp-content\/uploads\/sites\/3\/2019\/07\/bag-serasmus-porto1-1.jpg?resize=424%2C283&#038;ssl=1\" alt=\"\" class=\"wp-image-72\" srcset=\"https:\/\/i0.wp.com\/www.erasmusroomsporto.com\/espanol\/wp-content\/uploads\/sites\/3\/2019\/07\/bag-serasmus-porto1-1.jpg?w=424&amp;ssl=1 424w, https:\/\/i0.wp.com\/www.erasmusroomsporto.com\/espanol\/wp-content\/uploads\/sites\/3\/2019\/07\/bag-serasmus-porto1-1.jpg?resize=300%2C200&amp;ssl=1 300w\" sizes=\"auto, (max-width: 424px) 100vw, 424px\" \/><figcaption class=\"wp-element-caption\"> <strong>Buscando las mejores habitaciones para Erasmus en Oporto<\/strong> <\/figcaption><\/figure>\n\n\n\n<p><strong><em>\u00a1<a href=\"https:\/\/www.erasmusroomsporto.com\/espanol\/contactar\/\">Cont\u00e1ctanos hoy<\/a>! No dejes escapar esta oportunidad<\/em><\/strong><em> para que te quedes en Habitaciones Erasmus Oporto<\/em><\/p>\n\n\n\n<div style=\"height:100px\" aria-hidden=\"true\" class=\"wp-block-spacer\"><\/div>\n\n\n\n<h4 class=\"wp-block-heading\">\u201cCon Habitaciones Erasmus Oporto, estar\u00e1s con la mejor compa\u00f1\u00eda\u201d<\/h4>\n\n\n\n<p><strong>Tu satisfacci\u00f3n es muy importante, por eso que nos preocupamos por brindarte excelentes habitaciones c\u00f3modas para los estudiantes de Erasmus. <\/strong><\/p>\n\n\n\n<p><strong>\u00a1<\/strong><em>Est\u00e1s invitado a unirte a esta casa para tu vida Erasmus y reservar una habitaci\u00f3n en la casa de estudiantes Nazdrowia!<\/em><\/p>\n\n\n\n<div style=\"height:100px\" aria-hidden=\"true\" class=\"wp-block-spacer\"><\/div>\n\n\n\n<p><strong>\u00a1Ven a experimentarlo!\nDescubre por qu\u00e9 los estudiantes RECOMIENDAN ALTAMENTE nuestras habitaciones a\notros estudiantes. <\/strong><\/p>\n\n\n\n<p>Tenemos un libro con cientos de testimonios de estudiantes que\nhan vivido los mejores momentos de sus vidas aqu\u00ed. Tendr\u00e1s esa oportunidad de\nvivirlo durante tu estad\u00eda en Oporto.<\/p>\n\n\n\n<p><strong>\u201cHabitaciones Erasmus Oporto es una casa s\u00faper divertida\u201d<\/strong><\/p>\n\n\n\n<p>\u00a1Cuando llegues a esta casa, sentir\u00e1s la magia en el aire! Est\u00e1\ncerca de universidades, en un lugar muy seguro con estaciones de autob\u00fas y\nmetro tan cerca que podr\u00e1s transportarte f\u00e1cil y r\u00e1pidamente a cualquier lugar\ny en cualquier hora de d\u00eda o de noche.<\/p>\n\n\n\n<p><strong>\u00a1Es una incre\u00edble casa para Erasmus en Oporto! Y a un <a href=\"https:\/\/www.erasmusroomsporto.com\/espanol\/precios-de-habitaciones-erasmus-porto\/\">precio<\/a> que te encantar\u00e1.<\/strong><\/p>\n\n\n\n<p>Con excelentes habitaciones muy amplias para estudiantes, en un ambiente acad\u00e9mico incre\u00edble con luces y decoraciones geniales donde definitivamente disfrutar\u00e1s estar mientras realizas tus Programas Erasmus en Oporto.<\/p>\n\n\n\n<div style=\"height:100px\" aria-hidden=\"true\" class=\"wp-block-spacer\"><\/div>\n\n\n\n<figure class=\"wp-block-image\"><img data-recalc-dims=\"1\" loading=\"lazy\" decoding=\"async\" width=\"750\" height=\"563\" src=\"https:\/\/i0.wp.com\/www.erasmusroomsporto.com\/espanol\/wp-content\/uploads\/sites\/3\/2019\/07\/Student-housing-and-erasmus-accommodation1.jpg?resize=750%2C563&#038;ssl=1\" alt=\"\" class=\"wp-image-70\" srcset=\"https:\/\/i0.wp.com\/www.erasmusroomsporto.com\/espanol\/wp-content\/uploads\/sites\/3\/2019\/07\/Student-housing-and-erasmus-accommodation1.jpg?resize=1024%2C768&amp;ssl=1 1024w, https:\/\/i0.wp.com\/www.erasmusroomsporto.com\/espanol\/wp-content\/uploads\/sites\/3\/2019\/07\/Student-housing-and-erasmus-accommodation1.jpg?resize=300%2C225&amp;ssl=1 300w, https:\/\/i0.wp.com\/www.erasmusroomsporto.com\/espanol\/wp-content\/uploads\/sites\/3\/2019\/07\/Student-housing-and-erasmus-accommodation1.jpg?resize=768%2C576&amp;ssl=1 768w, https:\/\/i0.wp.com\/www.erasmusroomsporto.com\/espanol\/wp-content\/uploads\/sites\/3\/2019\/07\/Student-housing-and-erasmus-accommodation1.jpg?w=1592&amp;ssl=1 1592w, https:\/\/i0.wp.com\/www.erasmusroomsporto.com\/espanol\/wp-content\/uploads\/sites\/3\/2019\/07\/Student-housing-and-erasmus-accommodation1.jpg?w=1500&amp;ssl=1 1500w\" sizes=\"auto, (max-width: 750px) 100vw, 750px\" \/><\/figure>\n\n\n\n<h3 class=\"wp-block-heading\">\u00a1Si esta es la habitaci\u00f3n que has estado\nbuscando, aprovecha esta oportunidad ahora!<\/h3>\n\n\n\n<p>Cont\u00e1ctanos y pregunta por mayores informes, no dejes pasar esta oportunidad de conseguir tu habitaci\u00f3n Erasmus Oporto hoy, en la casa de estudiantes Nazdrowia.<\/p>\n\n\n\n<div style=\"height:100px\" aria-hidden=\"true\" class=\"wp-block-spacer\"><\/div>\n\n\n\n<p><strong>\u00a1EL N\u00daMERO DE HABITACIONES SON LIMITADAS, <a href=\"https:\/\/www.erasmusroomsporto.com\/espanol\/precios-de-habitaciones-erasmus-porto\/\">RESERVA LA TUYA AHORA<\/a>!<\/strong><\/p>\n\n\n\n<p><strong>\u00a1IMAG\u00cdNATELO POR UN\nMOMENTO!<\/strong><\/p>\n\n\n\n<p>Te sentir\u00e1s como si estuvieras en TU PROPIA CASA, con tus mejores amigos, teniendo toda la diversi\u00f3n que pudieras tener. <\/p>\n\n\n\n<p>Ahora dime\u2026\u00bfc\u00f3mo te hace sentir? , \u00bfSer\u00eda esa la casa que elegir\u00edas tener como la de Erasmus rooms Porto? Nosotros te daremos los mejores servicios de hospedaje a un <a href=\"https:\/\/www.erasmusroomsporto.com\/espanol\/precios-de-habitaciones-erasmus-porto\/\">PRECIO<\/a> MODICO, y la buena noticia es que lo hemos mejorado este a\u00f1o. \u00a1Es por eso que mucha gente est\u00e1 hablando sobre nosotros!<\/p>\n\n\n\n<p><strong>\u00a1Consigue totalmente\nGRATIS servicios extras!<\/strong><strong><\/strong><\/p>\n\n\n\n<p>Internet inal\u00e1mbrico ilimitado gratis en toda la casa. Sabemos que llegar\u00e1s cansado a Oporto despu\u00e9s de tu viaje y te sentir\u00e1s preocupado de c\u00f3mo llegar a la casa, as\u00ed que nosotros te esperaremos en el aeropuerto para llevarte sin cargos extra, <strong>\u00a1es totalmente gratis, sin cargos, sin preocupaciones, y m\u00e1s!<\/strong><\/p>\n\n\n\n<h4 class=\"wp-block-heading\">&nbsp;<\/h4>\n\n\n\n<p><strong>\u00a1<a href=\"https:\/\/www.erasmusroomsporto.com\/espanol\/contactar\/\">Cont\u00e1ctanos ahora para encontrarte una habitaci\u00f3n disponible<\/a>!<\/strong><\/p>\n\n\n\n<div style=\"height:84px\" aria-hidden=\"true\" class=\"wp-block-spacer\"><\/div>\n\n\n\n<h4 class=\"wp-block-heading\">\u00a1<a href=\"https:\/\/www.erasmusroomsporto.com\/espanol\/contactar\/\">Reserva<\/a> tu habitaci\u00f3n de inmediato! Nuestras habitaciones son limitadas<\/h4>\n\n\n\n<h4 class=\"wp-block-heading\">\u00a0<strong><a href=\"https:\/\/www.erasmusroomsporto.com\/espanol\/contactar\/\">Un servicio amable al alcance de un clic<\/a>.<\/strong><\/h4>\n\n\n\n<p>Para mayores informes o para reservar una habitaci\u00f3n, s\u00f3lo da clic ><a href=\"https:\/\/www.erasmusroomsporto.com\/espanol\/contactar\/\">AQU\u00cd<\/a>&lt;. Es f\u00e1cil reservar,<a href=\"https:\/\/www.erasmusroomsporto.com\/espanol\/contactar\/\"> s\u00f3lo da clic aqu\u00ed y ser\u00e1s direccionado a nuestra p\u00e1gina de contacto<\/a>, cuando te encuentres ah\u00ed, llena el formulario con las fechas de llegada y salida que necesitas para la reservaci\u00f3n.<\/p>\n\n\n\n<p>\u00a1Y listo!, habr\u00e1s conseguido una habitaci\u00f3n en una linda casa de estudiantes en Oporto.<\/p>\n\n\n\n<p><strong>A\u00f1os de conocimiento y\nexperiencia hacen de nuestras habitaciones Erasmus Rooms Porto, una excepcional\ny extraordinaria opci\u00f3n para ti. <\/strong><\/p>\n\n\n\n<div style=\"height:100px\" aria-hidden=\"true\" class=\"wp-block-spacer\"><\/div>\n\n\n\n<h2 class=\"wp-block-heading\"><strong>\u00a1Vive tus sue\u00f1os ahora!<\/strong> En habitaciones Erasmus Oporto!<\/h2>\n\n\n\n<p>Con nuestros m\u00e1s de 8\na\u00f1os de experiencia en habitaciones Erasmus en Oporto, garantizamos tener una\nexperiencia placentera y agradable en nuestros espacios. Hemos tenido\nestudiantes de toda Europa y el resto del mundo, por ejemplo: Italia, Rep\u00fablica\nCheca, Lituania,&nbsp; Letonia, Polonia,\nFrancia, Alemania, Pa\u00edses Bajos, Eslovenia, Rusia, Espa\u00f1a, Brasil, B\u00e9lgica,\nKosovo, Tailandia, M\u00e9xico, Camboya y \u00a1muchos m\u00e1s!&#8230; ellos han AMADO esta casa,\n\u00a1ASI COMO TU TAMBI\u00c9N LO AMARA\u00c1S!<\/p>\n\n\n\n<div style=\"height:100px\" aria-hidden=\"true\" class=\"wp-block-spacer\"><\/div>\n\n\n\n<h2 class=\"wp-block-heading\">Entrevista a estudiantes Erasmus en Porto<\/h2>\n\n\n\n<p>La cadena de television nacional entrevist\u00f3 alumnos Erasmus Porto en Nazdrowia House.<\/p>\n\n\n\n<figure class=\"wp-block-embed is-type-video is-provider-youtube wp-block-embed-youtube wp-embed-aspect-4-3 wp-has-aspect-ratio\"><div class=\"wp-block-embed__wrapper\">\n<iframe loading=\"lazy\" title=\"Erasmus Porto Student Accommodation\" width=\"750\" height=\"563\" src=\"https:\/\/www.youtube.com\/embed\/NZFQ4p3YHq0?feature=oembed\" frameborder=\"0\" allow=\"accelerometer; autoplay; clipboard-write; encrypted-media; gyroscope; picture-in-picture\" allowfullscreen><\/iframe>\n<\/div><\/figure>\n\n\n\n<h2 class=\"wp-block-heading\"><strong>M\u00e1s alojamientos estudiantiles\npara ti\u2026<\/strong><\/h2>\n\n\n\n<h3 class=\"wp-block-heading\"><strong>2th Floor<\/strong><\/h3>\n\n\n\n<p>Con habitaciones dobles o sencillas, \u00a1s\u00f3lo para estudiantes! Est\u00e1 cerca del Campus Asprela y la unos cuantos metros de la estaci\u00f3n de metro y autob\u00fas.<\/p>\n\n\n\n<figure class=\"wp-block-gallery has-nested-images columns-default is-cropped wp-block-gallery-1 is-layout-flex wp-block-gallery-is-layout-flex\">\n<figure class=\"wp-block-image size-large\"><img data-recalc-dims=\"1\" loading=\"lazy\" decoding=\"async\" width=\"750\" height=\"500\" data-id=\"68\" src=\"https:\/\/i0.wp.com\/www.erasmusroomsporto.com\/espanol\/wp-content\/uploads\/sites\/3\/2019\/07\/quarto-duplo2.jpg?resize=750%2C500&#038;ssl=1\" alt=\"\" class=\"wp-image-68\" srcset=\"https:\/\/i0.wp.com\/www.erasmusroomsporto.com\/espanol\/wp-content\/uploads\/sites\/3\/2019\/07\/quarto-duplo2.jpg?w=800&amp;ssl=1 800w, https:\/\/i0.wp.com\/www.erasmusroomsporto.com\/espanol\/wp-content\/uploads\/sites\/3\/2019\/07\/quarto-duplo2.jpg?resize=300%2C200&amp;ssl=1 300w, https:\/\/i0.wp.com\/www.erasmusroomsporto.com\/espanol\/wp-content\/uploads\/sites\/3\/2019\/07\/quarto-duplo2.jpg?resize=768%2C512&amp;ssl=1 768w\" sizes=\"auto, (max-width: 750px) 100vw, 750px\" \/><\/figure>\n\n\n\n<figure class=\"wp-block-image size-large\"><img data-recalc-dims=\"1\" loading=\"lazy\" decoding=\"async\" width=\"750\" height=\"500\" data-id=\"67\" src=\"https:\/\/i0.wp.com\/www.erasmusroomsporto.com\/espanol\/wp-content\/uploads\/sites\/3\/2019\/07\/quarto-duplo.jpg?resize=750%2C500&#038;ssl=1\" alt=\"\" class=\"wp-image-67\" srcset=\"https:\/\/i0.wp.com\/www.erasmusroomsporto.com\/espanol\/wp-content\/uploads\/sites\/3\/2019\/07\/quarto-duplo.jpg?w=800&amp;ssl=1 800w, https:\/\/i0.wp.com\/www.erasmusroomsporto.com\/espanol\/wp-content\/uploads\/sites\/3\/2019\/07\/quarto-duplo.jpg?resize=300%2C200&amp;ssl=1 300w, https:\/\/i0.wp.com\/www.erasmusroomsporto.com\/espanol\/wp-content\/uploads\/sites\/3\/2019\/07\/quarto-duplo.jpg?resize=768%2C512&amp;ssl=1 768w\" sizes=\"auto, (max-width: 750px) 100vw, 750px\" \/><\/figure>\n<\/figure>\n","protected":false},"excerpt":{"rendered":"<p>Nazdrowia House \u2013 Habitaciones Erasmus Oporto, \u00a1El favorito de los estudiantes! \u00a1Para los verdaderos entusiastas de Erasmus! Si est\u00e1s buscando las mejores habitaciones para Erasmus en Oporto, est\u00e1s en el camino correcto porque\u2026 \u00a1HAS DADO EN EL CLAVO! \u00a1Somos los N\u00b01 en precios, ubicaci\u00f3n y calidad! Las habitaciones Erasmus Oporto est\u00e1n localizados en \u00e1reas estrat\u00e9gicas&hellip; <a class=\"more-link\" href=\"https:\/\/www.erasmusroomsporto.com\/espanol\/\">Seguir leyendo <span class=\"screen-reader-text\">Habitaciones Erasmus Oporto<\/span><\/a><\/p>\n","protected":false},"author":1,"featured_media":51,"parent":0,"menu_order":0,"comment_status":"closed","ping_status":"closed","template":"","meta":{"footnotes":""},"class_list":["post-8","page","type-page","status-publish","has-post-thumbnail","hentry","entry"],"yoast_head":"<!-- This site is optimized with the Yoast SEO plugin v27.4 - https:\/\/yoast.com\/product\/yoast-seo-wordpress\/ -->\n<title>Habitaciones erasmus Oporto<\/title>\n<meta name=\"description\" content=\"\u00a1N\u00b01 en precios, ubicaci\u00f3ny calidad! Las habitaciones Erasmus Oporto localizados \u00e1reas estrat\u00e9gicas preferidas por estudiantes de Oporto.\" \/>\n<meta name=\"robots\" content=\"index, follow, max-snippet:-1, max-image-preview:large, max-video-preview:-1\" \/>\n<link rel=\"canonical\" href=\"https:\/\/www.erasmusroomsporto.com\/espanol\/\" \/>\n<meta property=\"og:locale\" content=\"es_ES\" \/>\n<meta property=\"og:type\" content=\"article\" \/>\n<meta property=\"og:title\" content=\"Habitaciones erasmus Oporto\" \/>\n<meta property=\"og:description\" content=\"\u00a1N\u00b01 en precios, ubicaci\u00f3ny calidad! Las habitaciones Erasmus Oporto localizados \u00e1reas estrat\u00e9gicas preferidas por estudiantes de Oporto.\" \/>\n<meta property=\"og:url\" content=\"https:\/\/www.erasmusroomsporto.com\/espanol\/\" \/>\n<meta property=\"og:site_name\" content=\"Habitaciones Erasmus Oporto\" \/>\n<meta property=\"article:publisher\" content=\"https:\/\/www.facebook.com\/Nazdrowiayourerasmusroomsporto\" \/>\n<meta property=\"article:modified_time\" content=\"2022-12-06T12:46:36+00:00\" \/>\n<meta property=\"og:image\" content=\"https:\/\/www.erasmusroomsporto.com\/espanol\/wp-content\/uploads\/sites\/3\/2019\/07\/nazdrowia-students-1.jpg\" \/>\n\t<meta property=\"og:image:width\" content=\"960\" \/>\n\t<meta property=\"og:image:height\" content=\"642\" \/>\n\t<meta property=\"og:image:type\" content=\"image\/jpeg\" \/>\n<meta name=\"twitter:card\" content=\"summary_large_image\" \/>\n<meta name=\"twitter:label1\" content=\"Tiempo de lectura\" \/>\n\t<meta name=\"twitter:data1\" content=\"5 minutos\" \/>\n<script type=\"application\/ld+json\" class=\"yoast-schema-graph\">{\"@context\":\"https:\\\/\\\/schema.org\",\"@graph\":[{\"@type\":\"WebPage\",\"@id\":\"https:\\\/\\\/www.erasmusroomsporto.com\\\/espanol\\\/\",\"url\":\"https:\\\/\\\/www.erasmusroomsporto.com\\\/espanol\\\/\",\"name\":\"Habitaciones erasmus Oporto\",\"isPartOf\":{\"@id\":\"https:\\\/\\\/www.erasmusroomsporto.com\\\/espanol\\\/#website\"},\"primaryImageOfPage\":{\"@id\":\"https:\\\/\\\/www.erasmusroomsporto.com\\\/espanol\\\/#primaryimage\"},\"image\":{\"@id\":\"https:\\\/\\\/www.erasmusroomsporto.com\\\/espanol\\\/#primaryimage\"},\"thumbnailUrl\":\"https:\\\/\\\/i0.wp.com\\\/www.erasmusroomsporto.com\\\/espanol\\\/wp-content\\\/uploads\\\/sites\\\/3\\\/2019\\\/07\\\/nazdrowia-students-1.jpg?fit=960%2C642&ssl=1\",\"datePublished\":\"2019-07-13T22:09:42+00:00\",\"dateModified\":\"2022-12-06T12:46:36+00:00\",\"description\":\"\u00a1N\u00b01 en precios, ubicaci\u00f3ny calidad! Las habitaciones Erasmus Oporto localizados \u00e1reas estrat\u00e9gicas preferidas por estudiantes de Oporto.\",\"inLanguage\":\"es\",\"potentialAction\":[{\"@type\":\"ReadAction\",\"target\":[\"https:\\\/\\\/www.erasmusroomsporto.com\\\/espanol\\\/\"]}]},{\"@type\":\"ImageObject\",\"inLanguage\":\"es\",\"@id\":\"https:\\\/\\\/www.erasmusroomsporto.com\\\/espanol\\\/#primaryimage\",\"url\":\"https:\\\/\\\/i0.wp.com\\\/www.erasmusroomsporto.com\\\/espanol\\\/wp-content\\\/uploads\\\/sites\\\/3\\\/2019\\\/07\\\/nazdrowia-students-1.jpg?fit=960%2C642&ssl=1\",\"contentUrl\":\"https:\\\/\\\/i0.wp.com\\\/www.erasmusroomsporto.com\\\/espanol\\\/wp-content\\\/uploads\\\/sites\\\/3\\\/2019\\\/07\\\/nazdrowia-students-1.jpg?fit=960%2C642&ssl=1\",\"width\":960,\"height\":642,\"caption\":\"habitaciones erasmus en oporto\"},{\"@type\":\"WebSite\",\"@id\":\"https:\\\/\\\/www.erasmusroomsporto.com\\\/espanol\\\/#website\",\"url\":\"https:\\\/\\\/www.erasmusroomsporto.com\\\/espanol\\\/\",\"name\":\"Habitaciones Erasmus Oporto\",\"description\":\"Tu quarto de estudiante favorito en Oporto\",\"publisher\":{\"@id\":\"https:\\\/\\\/www.erasmusroomsporto.com\\\/espanol\\\/#organization\"},\"potentialAction\":[{\"@type\":\"SearchAction\",\"target\":{\"@type\":\"EntryPoint\",\"urlTemplate\":\"https:\\\/\\\/www.erasmusroomsporto.com\\\/espanol\\\/?s={search_term_string}\"},\"query-input\":{\"@type\":\"PropertyValueSpecification\",\"valueRequired\":true,\"valueName\":\"search_term_string\"}}],\"inLanguage\":\"es\"},{\"@type\":\"Organization\",\"@id\":\"https:\\\/\\\/www.erasmusroomsporto.com\\\/espanol\\\/#organization\",\"name\":\"Habitaciones Erasmus Oporto\",\"url\":\"https:\\\/\\\/www.erasmusroomsporto.com\\\/espanol\\\/\",\"logo\":{\"@type\":\"ImageObject\",\"inLanguage\":\"es\",\"@id\":\"https:\\\/\\\/www.erasmusroomsporto.com\\\/espanol\\\/#\\\/schema\\\/logo\\\/image\\\/\",\"url\":\"https:\\\/\\\/i0.wp.com\\\/www.erasmusroomsporto.com\\\/espanol\\\/wp-content\\\/uploads\\\/sites\\\/3\\\/2022\\\/12\\\/erasmus-rooms-porto.jpg?fit=260%2C260&ssl=1\",\"contentUrl\":\"https:\\\/\\\/i0.wp.com\\\/www.erasmusroomsporto.com\\\/espanol\\\/wp-content\\\/uploads\\\/sites\\\/3\\\/2022\\\/12\\\/erasmus-rooms-porto.jpg?fit=260%2C260&ssl=1\",\"width\":260,\"height\":260,\"caption\":\"Habitaciones Erasmus Oporto\"},\"image\":{\"@id\":\"https:\\\/\\\/www.erasmusroomsporto.com\\\/espanol\\\/#\\\/schema\\\/logo\\\/image\\\/\"},\"sameAs\":[\"https:\\\/\\\/www.facebook.com\\\/Nazdrowiayourerasmusroomsporto\"]}]}<\/script>\n<!-- \/ Yoast SEO plugin. -->","yoast_head_json":{"title":"Habitaciones erasmus Oporto","description":"\u00a1N\u00b01 en precios, ubicaci\u00f3ny calidad! Las habitaciones Erasmus Oporto localizados \u00e1reas estrat\u00e9gicas preferidas por estudiantes de Oporto.","robots":{"index":"index","follow":"follow","max-snippet":"max-snippet:-1","max-image-preview":"max-image-preview:large","max-video-preview":"max-video-preview:-1"},"canonical":"https:\/\/www.erasmusroomsporto.com\/espanol\/","og_locale":"es_ES","og_type":"article","og_title":"Habitaciones erasmus Oporto","og_description":"\u00a1N\u00b01 en precios, ubicaci\u00f3ny calidad! Las habitaciones Erasmus Oporto localizados \u00e1reas estrat\u00e9gicas preferidas por estudiantes de Oporto.","og_url":"https:\/\/www.erasmusroomsporto.com\/espanol\/","og_site_name":"Habitaciones Erasmus Oporto","article_publisher":"https:\/\/www.facebook.com\/Nazdrowiayourerasmusroomsporto","article_modified_time":"2022-12-06T12:46:36+00:00","og_image":[{"width":960,"height":642,"url":"https:\/\/www.erasmusroomsporto.com\/espanol\/wp-content\/uploads\/sites\/3\/2019\/07\/nazdrowia-students-1.jpg","type":"image\/jpeg"}],"twitter_card":"summary_large_image","twitter_misc":{"Tiempo de lectura":"5 minutos"},"schema":{"@context":"https:\/\/schema.org","@graph":[{"@type":"WebPage","@id":"https:\/\/www.erasmusroomsporto.com\/espanol\/","url":"https:\/\/www.erasmusroomsporto.com\/espanol\/","name":"Habitaciones erasmus Oporto","isPartOf":{"@id":"https:\/\/www.erasmusroomsporto.com\/espanol\/#website"},"primaryImageOfPage":{"@id":"https:\/\/www.erasmusroomsporto.com\/espanol\/#primaryimage"},"image":{"@id":"https:\/\/www.erasmusroomsporto.com\/espanol\/#primaryimage"},"thumbnailUrl":"https:\/\/i0.wp.com\/www.erasmusroomsporto.com\/espanol\/wp-content\/uploads\/sites\/3\/2019\/07\/nazdrowia-students-1.jpg?fit=960%2C642&ssl=1","datePublished":"2019-07-13T22:09:42+00:00","dateModified":"2022-12-06T12:46:36+00:00","description":"\u00a1N\u00b01 en precios, ubicaci\u00f3ny calidad! Las habitaciones Erasmus Oporto localizados \u00e1reas estrat\u00e9gicas preferidas por estudiantes de Oporto.","inLanguage":"es","potentialAction":[{"@type":"ReadAction","target":["https:\/\/www.erasmusroomsporto.com\/espanol\/"]}]},{"@type":"ImageObject","inLanguage":"es","@id":"https:\/\/www.erasmusroomsporto.com\/espanol\/#primaryimage","url":"https:\/\/i0.wp.com\/www.erasmusroomsporto.com\/espanol\/wp-content\/uploads\/sites\/3\/2019\/07\/nazdrowia-students-1.jpg?fit=960%2C642&ssl=1","contentUrl":"https:\/\/i0.wp.com\/www.erasmusroomsporto.com\/espanol\/wp-content\/uploads\/sites\/3\/2019\/07\/nazdrowia-students-1.jpg?fit=960%2C642&ssl=1","width":960,"height":642,"caption":"habitaciones erasmus en oporto"},{"@type":"WebSite","@id":"https:\/\/www.erasmusroomsporto.com\/espanol\/#website","url":"https:\/\/www.erasmusroomsporto.com\/espanol\/","name":"Habitaciones Erasmus Oporto","description":"Tu quarto de estudiante favorito en Oporto","publisher":{"@id":"https:\/\/www.erasmusroomsporto.com\/espanol\/#organization"},"potentialAction":[{"@type":"SearchAction","target":{"@type":"EntryPoint","urlTemplate":"https:\/\/www.erasmusroomsporto.com\/espanol\/?s={search_term_string}"},"query-input":{"@type":"PropertyValueSpecification","valueRequired":true,"valueName":"search_term_string"}}],"inLanguage":"es"},{"@type":"Organization","@id":"https:\/\/www.erasmusroomsporto.com\/espanol\/#organization","name":"Habitaciones Erasmus Oporto","url":"https:\/\/www.erasmusroomsporto.com\/espanol\/","logo":{"@type":"ImageObject","inLanguage":"es","@id":"https:\/\/www.erasmusroomsporto.com\/espanol\/#\/schema\/logo\/image\/","url":"https:\/\/i0.wp.com\/www.erasmusroomsporto.com\/espanol\/wp-content\/uploads\/sites\/3\/2022\/12\/erasmus-rooms-porto.jpg?fit=260%2C260&ssl=1","contentUrl":"https:\/\/i0.wp.com\/www.erasmusroomsporto.com\/espanol\/wp-content\/uploads\/sites\/3\/2022\/12\/erasmus-rooms-porto.jpg?fit=260%2C260&ssl=1","width":260,"height":260,"caption":"Habitaciones Erasmus Oporto"},"image":{"@id":"https:\/\/www.erasmusroomsporto.com\/espanol\/#\/schema\/logo\/image\/"},"sameAs":["https:\/\/www.facebook.com\/Nazdrowiayourerasmusroomsporto"]}]}},"jetpack-related-posts":[],"jetpack_sharing_enabled":true,"_links":{"self":[{"href":"https:\/\/www.erasmusroomsporto.com\/espanol\/wp-json\/wp\/v2\/pages\/8","targetHints":{"allow":["GET"]}}],"collection":[{"href":"https:\/\/www.erasmusroomsporto.com\/espanol\/wp-json\/wp\/v2\/pages"}],"about":[{"href":"https:\/\/www.erasmusroomsporto.com\/espanol\/wp-json\/wp\/v2\/types\/page"}],"author":[{"embeddable":true,"href":"https:\/\/www.erasmusroomsporto.com\/espanol\/wp-json\/wp\/v2\/users\/1"}],"replies":[{"embeddable":true,"href":"https:\/\/www.erasmusroomsporto.com\/espanol\/wp-json\/wp\/v2\/comments?post=8"}],"version-history":[{"count":0,"href":"https:\/\/www.erasmusroomsporto.com\/espanol\/wp-json\/wp\/v2\/pages\/8\/revisions"}],"wp:featuredmedia":[{"embeddable":true,"href":"https:\/\/www.erasmusroomsporto.com\/espanol\/wp-json\/wp\/v2\/media\/51"}],"wp:attachment":[{"href":"https:\/\/www.erasmusroomsporto.com\/espanol\/wp-json\/wp\/v2\/media?parent=8"}],"curies":[{"name":"wp","href":"https:\/\/api.w.org\/{rel}","templated":true}]}}